e 105*z + 23 + 1282 = -60. Let f(a) = -a**3 - 15*a**2 - 24*a + 29. Calculate f(z).
3
Let j(t) = -t**3 + 14*t**2 + 35*t + 14. Let b be j(16). Let k(d) = -d**3 - 70*d - b*d - d**2 - 2 + 131*d. Give k(0).
-2
Let f be (6/4*2)/(15/10). Suppose 5*n - 2*m = 3*m - 45, -f*n + 3*m = 19. Let i(s) be the third derivative of s**5/60 + s**4/3 - 11*s**3/6 - 2*s**2. Give i(n).
-11
Suppose 61*t - 29 = 215. Let a(w) = -w**2 + 10. What is a(t)?
-6
Let o(d) be the first derivative of 3*d**5/20 + d**4/12 - d**3/3 - d**2/2 + 285*d - 67. Let f(s) be the first derivative of o(s). Determine f(-2).
-17
Let j(w) = -6*w**2 - 2*w - 1. Let b be -18 - -31 - 56/4. What is j(b)?
-5
Let c(a) = a - 20. Suppose 0 = -3*l - 15, 8 = 5*j - 3*l - 12. Let z = j - 1. Give c(z).
-20
Suppose -43*l - 55 = -38*l. Let q(a) be the second derivative of -a**3/3 - 7*a**2 + 3*a. Let h(f) = 10*f + 69. Let y(d) = -2*h(d) - 11*q(d). Determine y(l).
-6
Let r(f) be the third derivative of 14/3*f**3 + 0*f - 1/8*f**4 - 13*f**2 + 1/40*f**5 + 0. Let t(y) be the first derivative of r(y). Give t(3).
6
Let f(d) = d**2 + 44*d + 128. Let b be f(-41). Let z(v) = 4*v - 5 - b*v - v + 3*v. What is z(2)?
-3
Let y be 6/(-9) + 40/6. Let f(x) = -1 - 3 - y*x + 112*x**2 - 1 - 113*x**2. Calculate f(-4).
3
Let f(o) be the first derivative of -o**4/24 - 11*o**3/6 - 11*o**2/2 + 46. Let z(t) be the second derivative of f(t). Calculate z(-6).
-5
Let h = 92944 - 42226. Let a(b) = -31*b**3 + 50718 + b**2 - h. Let r(y) = -y**3 - 2*y**2 - y - 1. Let z be r(-2). Calculate a(z).
-30
Let y be 8 - 27 - (-3 - 19). Let r(p) = -2*p**2 - 4 - p**3 + 11 + 2*p**3 + 2*p - 8*p. Determine r(y).
-2
Let o(t) = 19*t + 4. Let j be o(-4). Let y be ((-1)/2)/(6/j). Suppose -y = -3*p - 3*p. Let q(u) = 2*u**2 + u - 1. Give q(p).
2
Let u be -17 - 1/(-4 + 3/1). Let p be (-4 - (-21)/12)*u/6. Suppose -4*a + 2*x - 10 + 22 = 0, 2*a - 4*x + p = 0. Let v(f) = f + 2. Give v(a).
7
Let f(v) be the second derivative of 5*v**3/6 - v**2/2 + 74*v. Suppose -i - 2*g = -0*i - 7, 2*i + g = 2. Calculate f(i).
-6
Let i = 96 + -94. Suppose 0*a + 84 = -5*h - i*a, -5*a - 10 = 0. Let p be (-6)/(2*12/h). Let b(l) = -l**2 + 5*l - 2. Give b(p).
2
Let t = -78 + 101. Let i(c) = -c**2 + 20*c + 73. Let a be i(t). Let p(k) = -2*k + 4. Determine p(a).
-4
Let v(n) = -2*n - 2. Let m = 14 - 16. Let q be v(m). Let j(y) = y**q + 0 + 6 + 31*y - 31*y. Give j(0).
6
Let o(r) be the second derivative of -r**4/6 + r**3 + 3*r**2/2 + 71833*r. Suppose -30 - 20 = -5*m. Suppose -2*k + m = -0. Determine o(k).
-17
Suppose 0 = 3*i - 3*x - 42, -9*i + 7*i + 36 = -3*x. Let n(z) = -20*z + 78. What is n(i)?
-42
Let w(b) = -5*b - 1. Suppose -7*s + 288 = -4*s. Let t be (-2)/(-4)*19/(152/s). Give w(t).
-31
Let t(y) = y + 9. Let n(x) = 10*x**3 + 2*x**2 + x - 1. Let j be n(2). Let r = 62 - j. Let b = r + 20. What is t(b)?
2
Let m(z) = -3*z**2 - 56*z - 103. Let b(x) = -x**2 + 190*x - 1631. Let j be b(9). What is m(j)?
-3
Let v = -5 - -9. Suppose -2*f + v*f - 6 = 0. Let p(d) = 21*d - 10 - 19*d - f*d. Determine p(-11).
1
Let x be (3/9)/(1/(-3)). Let t be x/(-4) - ((-1)/(-4) - 0). Suppose 3*y + 12 = t, 0 = r - 0*y + 4*y + 16. Let b(j) = -j**3 - j**2 - j + 5. Give b(r).
5
Let x(l) be the second derivative of l**4/12 + 7*l**3/6 + 7*l**2 - 1055*l. What is x(-4)?
2
Let m(t) = t**2 - 5. Let z = 8 - -136. Suppose -17*f + z = 42. Give m(f).
31
Let u(y) be the third derivative of 0 + 39*y**2 - 11/60*y**5 - 1/120*y**6 - 5/12*y**4 + 2*y + 0*y**3. What is u(-10)?
0
Let o(r) = -r. Suppose 17 = 4*h - 5*t - 1, 0 = 2*t + 4. Let q(b) = -h - 23*b**2 + 12*b**2 + 12*b**2 - 5*b. Let v(n) = 2*o(n) + q(n). What is v(5)?
-12
Let l(j) = j**3 + j**2 - 5*j + 1. Let n(h) = -h**3 - 3*h**2 + 8*h + 1. Let i(k) = 5*l(k) + 4*n(k). What is i(5)?
-6
Let i(z) be the first derivative of -2*z**4 + z**3/3 + z**2 - 2*z + 1182. What is i(2)?
-58
Let n(m) = m. Let b(k) = -2*k + 7. Let l be b(4). Let a be l/3*3*(-2 + -2). What is n(a)?
4
Let t be 164/9 - (-8)/(-36). Suppose -8*k + t = -5*k. Let j(x) be the third derivative of x**5/60 - x**4/4 + 4*x**3/3 - 10*x**2. What is j(k)?
8
Let s be 8/(-6)*-6 - 2. Let g(p) be the first derivative of p**4/12 - 5*p**3/3 + 9*p**2/2 - 171*p - 214. Let a(q) be the first derivative of g(q). What is a(s)?
-15
Let q(i) = -3*i - 2*i + i - 6 - 5*i**2 + i**3. Suppose 0 = -d + 2, 155*d - 156*d = 4*y - 26. Calculate q(y).
6
Let r(k) = -56*k**3 + 2*k + 1. Let t be -2 + -5 + (-12)/(-2). What is r(t)?
55
Let f(g) = 237769*g**3 - 12*g - 12*g**2 - 237768*g**3 - 4 + 11. Give f(13).
20
Let m(i) = 25*i - 5. Let a be m(4). Suppose -6*w = 29 - a. Let h(k) = -k**2 + 12*k - 18. What is h(w)?
-7
Let j(d) = -d**2 + 8*d - 16. Suppose 15 = 15*o - 26 - 49. Calculate j(o).
-4
Let q(p) = 106 - 91*p - 96*p + 195*p. Calculate q(-13).
2
Suppose -x + 34 = -5*a, 3*x + a - 3*a - 37 = 0. Let i(q) = -2*q + 1. Let w(c) = -3*c + 3. Let v(m) = -i(m) + w(m). Determine v(x).
-7
Let s(b) = -3*b + 21*b + 3 - 2*b - 8*b - 6*b**2 - b**3. Let h(p) = p**3 + 2*p**2 - p - 7. Let q(z) = z + 10. Let n be q(-10). Let l be h(n). Determine s(l).
-4
Let t(i) = i**3 - i**2 - 4*i - 2. Suppose 13*c = 6*c - 11*c. What is t(c)?
-2
Let q = -3364 + 3357. Let u(t) = -4*t**2 - 26*t - 11. Calculate u(q).
-25
Let n(m) = -m**3 + 10*m**2 + 2*m + 3. Let c(z) = -5*z - 79. Let j be c(-15). Let x(b) = -b**3 + 10*b**2 + 3*b + 2. Let t(r) = j*n(r) + 3*x(r). Calculate t(10).
4
Let i(v) = 3*v - 10. Suppose -2*b - 9 = -o, b + 2 = -3*o - 6. Determine i(o).
-13
Let x(t) = -t**2 + 78 - 41 - 38. Let q(k) = -k**3 + 5*k**2 + 6*k. Let p be q(6). Suppose -3*a = -4*l - 1, 5*l + p = 2*a + 4. What is x(l)?
-5
Let j(b) = -5*b**2 - 19*b - 1. Let t = 313 - 304. Let s(x) = 2*x**2 + 8*x + 1. Let q(y) = t*s(y) + 4*j(y). Give q(-4).
-11
Suppose 0 = -4*f - 0 - 16. Let d(h) = -37 + 4*h - 9 + 45. Determine d(f).
-17
Let h(y) = -2*y**2 + 11*y - 21. Suppose 4*r = g + 11, -2*r - 9 = 3*g - 18. What is h(r)?
-6
Let l(i) = 2*i**2 - 2. Let g(c) = 3*c**2 + 3*c + 51. Let u(x) = g(x) - 2*l(x). Give u(-6).
1
Let p(g) = 5*g**2 - 92*g - 46. Let q be p(19). Let b(i) = i**3 - 10*i**2 - 13*i + 14. Give b(q).
-8
Let v(y) = 21841 - 12*y - 7281 - 7287 - 7286. What is v(-1)?
-1
Let q = -9436 - -9444. Let z(v) = 3 - 34*v + 62*v - 31*v - 11. Determine z(q).
-32
Let a = 296 - 298. Let q be (a/12)/((11 - -2)/(-390)). Let h(i) = i**2. Let c(r) = -r**3 + 2*r**2 + 4*r + 2. Let z(o) = -c(o) - 2*h(o). Calculate z(q).
3
Let o(u) = -u**3 - 90*u**2 - 259*u + 202. Let l be o(-87). Let c(x) = -x**3 + 29*x**2 - 30*x + 28. Calculate c(l).
-28
Let g(z) = 4*z**2 - 99*z + 77. Let y be (-19 - -13)/((-65)/20 + 3). Determine g(y).
5
Let p(r) = -9*r - 1. Let l = 3858 - 3830. Let a(s) = 11*s + 4. Let b be a(-3). Let g = b + l. Calculate p(g).
8
Let j(d) = -3*d**3 + 14*d**2 + 17*d - 6. Let k(h) = -h**3 + 7*h**2 + 8*h - 3. Let c be -7*(-11)/(385/(-10)). Let p(a) = c*j(a) + 5*k(a). Determine p(-6).
-3
Let h(x) be the second derivative of -x**5/20 - x**4/12 + 2*x**3/3 - x**2/2 - 3098*x. What is h(-2)?
-5
Let c(h) be the first derivative of -h**4 - h**3/3 + 69*h**2/2 - h - 79. Let l(o) be the second derivative of c(o). What is l(-2)?
46
Let x(w) = -2*w**2 - 5. Let a be (-9)/(81/(-164)) + 4/(-18). Let h(f) = -a + 4 - 5*f**2 + 0*f**2. Let l(m) = -3*h(m) + 8*x(m). Determine l(2).
-2
Let i(n) = -n**3 - 7*n**2 - 5*n + 7. Let t = 11 + -26. Let r = t - -18. Suppose -6*a + a + 21 = -w, 5*w - r*a + 39 = 0. Determine i(w).
1
Let i(l) be the third derivative of l**6/120 + 7*l**5/30 + 2*l**4/3 - 7*l**3/3 + 12*l**2 + 3*l - 19. Determine i(-13).
-53
Let f(w) = w + 44. Suppose -3*z = -128*j + 124*j - 176, -j - 44 = 5*z. Calculate f(j).
0
Suppose 0*l - 4*w - 35 = -3*l, -26 = -4*l - 5*w. Let v(z) = 3*z**2 + 8*z**3 - 5*z - 16*z**3 - 2 + l*z**3. Let a = 1 - 5. Calculate v(a).
2
Let d(p) = -p**2 + 3*p + 6. Let i be d(-2). Let j be 6/(-2) - 12/i. Let s(q) be the second derivative of q**4/12 - q**3/6 - 19*q**2/2 - q + 19. Calculate s(j).
-19
Let z(m) = -m**3 - 76*m + 72*m - 2 + 2*m**3 + m**2. Let f be z(-2). Let k(g) = -g**f + 3*g**2 - g - g**2. Calculate k(-1).
2
Let f be (49/(-21) + 0)*(-15)/(-5). Let r(j) = 9*j**2 + 14*j + 11. Let d(b) = -11*b + 1 - 5*b**2 - 6 + 4*b. Let w(g) = f*d(g) - 4*r(g). Determine w(-7).
-9
Let k(s) be the second derivative of 0 + 7/2*s**2 - 1/2*s**3 + 36*s.